{"version":"1.0","provider_name":"Pillanat","provider_url":"https:\/\/pillanat.cafeblog.hu","author_name":"Christy","author_url":"https:\/\/pillanat.cafeblog.hu\/author\/krisztina-gerseigmail-com\/","title":"Any\u00e1k napja","html":"<p>Szok\u00e1sos vir\u00e1g, csoki, l\u00e1togat\u00e1s...<br \/>Nem, nem ezt akartam adni. Ink\u00e1bb valami k\u00fcl\u00f6nlegeset. Valami \u00e9n-t. Saj\u00e1t munk\u00e1t. Az id\u0151met. A sz\u00edvemet.<\/p>\r\n<p>Elmentem egy m\u0171v\u00e9szboltba. Vettem v\u00e1sznat, \u00e9s akril fest\u00e9keket. Kiss\u00e9 tudatlanul tettem mindezt \u00e9s ut\u00e1na kellett olvasnom a neten, mik\u00e9nt is lehet ebb\u0151l aj\u00e1nd\u00e9k. (H\u00e1la net:) )<\/p>\r\n<p>Kin\u00e9ztem egy nekem tetsz\u0151 k\u00e9pet, vettem egy m\u00e9ly leveg\u0151t \u00e9s azt mondtam: Menni fog ez!:). Megfestem!<\/p>\r\n<p>\u00c9s t\u00e9nyleg ment. R\u00e1j\u00f6ttem, hogy a tr\u00fckk a f\u00e9nyben \u00e9s \u00e1rny\u00e9kban rejlik. Hogy egy sz\u00ednnek milli\u00f3 \u00e1rnyalata l\u00e9tezik... Amit els\u0151re \u00fagy t\u0171nt, k\u00e9ptelens\u00e9g kikeverni. Avagy m\u00e9gis csak neh\u00e9z volt ez a k\u00e9p. Az akril gyorsan sz\u00e1rad. <br \/>Mire megvoltak az \u00e1rnyalatok, szinte haszn\u00e1lhatatlan lett a fest\u00e9k. K\u00fczd\u00f6ttem az elemekkel, de nem adtam fel. Mert adni akartam. Valami \u00e9n-t.<\/p>\r\n<p>H\u00e1t \u00edgy lett v\u00e9g\u00fcl meg ez a k\u00e9p suttyomban. Mert anyum mit sem sejtett. Mikor a kez\u00e9be adtam, azt hitte, vettem valahol. Csod\u00e1s \u00e9rz\u00e9s volt megl\u00e1tni a b\u00fcszke \u00f6r\u00f6m\u00f6t az arc\u00e1n. Ezt a l\u00e1nya festette. Neki!<\/p>\r\n<p><a href=\"https:\/\/pillanat.cafeblog.hu\/files\/2018\/02\/79CF5446-87F8-41DA-B060-BE22DC9F30C2.jpeg\"><img class=\"size-medium wp-image-1179 alignnone\" src=\"https:\/\/pillanat.cafeblog.hu\/files\/2018\/02\/79CF5446-87F8-41DA-B060-BE22DC9F30C2-217x300.jpeg\" alt=\"\" width=\"217\" height=\"300\" \/><\/a><\/p>\r\n<p>Annyira \u00f6r\u00fclt, hogy \u00fagy \u00e9reztem, ezt nem hagyom abba. Adnom kell m\u00e9g. Lehet suta lesz a k\u00f6vetkez\u0151, meg b\u00e9na \u00e9s nem t\u00f6k\u00e9letes, de! T\u00e1n valaki \u00fajra \u00f6r\u00fclni fog annak, hogy kap t\u0151lem egy k\u00e9pet.<\/p>\r\n<p>\u00c9s azt sem tudtam elfeledni, milyen \u00e9rz\u00e9s volt v\u00e9gigh\u00fazni az ecsetet a v\u00e1sznon. Mennyire mag\u00e1val ragad\u00f3 alkotni valamit. Azonnali f\u00fcgg\u0151s\u00e9get okoz. Nem lehet t\u0151le szabadulni.<\/p>\r\n<p>Festenem kellett. \u00dajra...<\/p>\r\n<p><a href=\"https:\/\/m.facebook.com\/Boh%C3%A9m-Fest%C5%91l%C3%A1ny-696217607435777\/\">https:\/\/m.facebook.com\/Boh%C3%A9m-Fest%C5%91l%C3%A1ny-696217607435777\/<\/a><\/p>","type":"rich","thumbnail_url":"https:\/\/pillanat.cafeblog.hu\/files\/2018\/02\/79CF5446-87F8-41DA-B060-BE22DC9F30C2-150x150.jpeg","thumbnail_width":150,"thumbnail_height":150}

Anyák napja

<p>Szokásos virág, csoki, látogatás...<br />Nem, nem ezt akartam adni. Inkább valami különlegeset. Valami én-t. Saját munkát. Az időmet. A szívemet.</p>
<p>Elmentem egy művészboltba. Vettem vásznat, és akril festékeket. Kissé tudatlanul tettem mindezt és utána kellett olvasnom a neten, miként is lehet ebből ajándék. (Hála net:) )</p>
<p>Kinéztem egy nekem tetsző képet, vettem egy mély levegőt és azt mondtam: Menni fog ez!:). Megfestem!</p>
<p>És tényleg ment. Rájöttem, hogy a trükk a fényben és árnyékban rejlik. Hogy egy színnek millió árnyalata létezik... Amit elsőre úgy tűnt, képtelenség kikeverni. Avagy mégis csak nehéz volt ez a kép. Az akril gyorsan szárad. <br />Mire megvoltak az árnyalatok, szinte használhatatlan lett a festék. Küzdöttem az elemekkel, de nem adtam fel. Mert adni akartam. Valami én-t.</p>
<p>Hát így lett végül meg ez a kép suttyomban. Mert anyum mit sem sejtett. Mikor a kezébe adtam, azt hitte, vettem valahol. Csodás érzés volt meglátni a büszke örömöt az arcán. Ezt a lánya festette. Neki!</p>
<p><a href="https://pillanat.cafeblog.hu/files/2018/02/79CF5446-87F8-41DA-B060-BE22DC9F30C2.jpeg"><img class="size-medium wp-image-1179 alignnone" src="https://pillanat.cafeblog.hu/files/2018/02/79CF5446-87F8-41DA-B060-BE22DC9F30C2-217x300.jpeg" alt="" width="217" height="300" /></a></p>
<p>Annyira örült, hogy úgy éreztem, ezt nem hagyom abba. Adnom kell még. Lehet suta lesz a következő, meg béna és nem tökéletes, de! Tán valaki újra örülni fog annak, hogy kap tőlem egy képet.</p>
<p>És azt sem tudtam elfeledni, milyen érzés volt végighúzni az ecsetet a vásznon. Mennyire magával ragadó alkotni valamit. Azonnali függőséget okoz. Nem lehet tőle szabadulni.</p>
<p>Festenem kellett. Újra...</p>
<p><a href="https://m.facebook.com/Boh%C3%A9m-Fest%C5%91l%C3%A1ny-696217607435777/">https://m.facebook.com/Boh%C3%A9m-Fest%C5%91l%C3%A1ny-696217607435777/</a></p>
